 7 - -3a?
41
In base 8, what is 227 - -2?
231
In base 2, what is 11111001101 - 0?
11111001101
In base 15, what is -5 + 14?
e
In base 3, what is -1 - -211210?
211202
In base 9, what is 4756 - 4?
4752
In base 13, what is -a3 + c7?
24
In base 9, what is -35 + -3?
-38
In base 7, what is 242 + 13?
255
In base 9, what is -7 - -44?
36
In base 8, what is -3 - 4?
-7
In base 4, what is 110332 + -10?
110322
In base 14, what is 161 + 4?
165
In base 6, what is 11550 + 3?
11553
In base 4, what is 0 - -12301?
12301
In base 4, what is 2 + -31121?
-31113
In base 8, what is 2 - -215?
217
In base 14, what is -1 - 84?
-85
In base 9, what is 11 - -3384?
3405
In base 7, what is 1 + -1002?
-1001
In base 2, what is 1110 + 1000?
10110
In base 7, what is -4 + -342?
-346
In base 14, what is -1ab3 - 1?
-1ab4
In base 2, what is -101101111111011 + 10?
-101101111111001
In base 6, what is 225 - -25?
254
In base 9, what is 2 + 621?
623
In base 6, what is -4002 + -15?
-4021
In base 13, what is 14c9 - -3?
14cc
In base 2, what is 111100001 - 101?
111011100
In base 10, what is 10 + 101?
111
In base 11, what is -15 - -49?
34
In base 15, what is -6627 + -5?
-662c
In base 3, what is 1 + -10000001?
-10000000
In base 4, what is -101111 - 1?
-101112
In base 3, what is -10 + -1021?
-1101
In base 9, what is 21 + 10?
31
In base 16, what is -2 - -585?
583
In base 5, what is -213442 + -1?
-213443
In base 8, what is -107 - 443?
-552
In base 7, what is 36 + -4?
32
In base 10, what is 64 + 14?
78
In base 10, what is 5 + 62?
67
In base 12, what is 12 + -14?
-2
In base 4, what is -1010 - 233?
-1303
In base 7, what is -4 - 101?
-105
In base 5, what is 10131 - -4?
10140
In base 11, what is 9 + 13?
21
In base 7, what is 612 + 1?
613
In base 16, what is 3e + -3?
3b
In base 11, what is -2 - -85?
83
In base 12, what is 22b - 3?
228
In base 2, what is -10000001100011 + 101?
-10000001011110
In base 11, what is 11 - a?
2
In base 5, what is -3033 - 214?
-3302
In base 12, what is -3 + -b3?
-b6
In base 10, what is 1441 - 5?
1436
In base 15, what is 4a - -1?
4b
In base 11, what is -77 + 19?
-59
In base 2, what is -111 + -1100?
-10011
In base 7, what is -42 - -2?
-40
In base 2, what is 1111 + -1110?
1
In base 14, what is 3 - -20?
23
In base 3, what is -20211 - -1?
-20210
In base 6, what is -255 + -122?
-421
In base 14, what is 11a + -5?
115
In base 13, what is -9c6 + -6?
-9cc
In base 12, what is 4 - b8?
-b4
In base 5, what is 323201 - 4?
323142
In base 13, what is 4a1b - 1?
4a1a
In base 5, what is 1210204 + 3?
1210212
In base 5, what is 21 + 102?
123
In base 3, what is -110022012 + -11?
-110022100
In base 9, what is 43 + -1?
42
In base 10, what is -5 + 29?
24
In base 5, what is 141 + -2?
134
In base 13, what is 2c3 - 2?
2c1
In base 9, what is -5 - 717?
-723
In base 11, what is 25 - 10?
15
In base 7, what is -1244 - 4?
-1251
In base 4, what is 2 + -123310?
-123302
In base 16, what is e - -a?
18
In base 15, what is 4e - 10?
3e
In base 13, what is -c - -41a?
40b
In base 7, what is -3 - -540?
534
In base 15, what is -15e + 7?
-157
In base 11, what is -1a - 14?
-33
In base 9, what is 406 - -4?
411
In base 4, what is -3 - 13130?
-13133
In base 2, what is 101110110010 - 100?
101110101110
In base 6, what is 1 + -2132?
-2131
In base 10, what is -9 - 18?
-27
In base 7, what is -30 - -10?
-20
In base 16, what is -13 + 7a?
67
In base 10, what is 1 - 246?
-245
In base 6, what is -31 + -1320?
-1351
In base 10, what is -5 - -58?
53
In base 2, what is 100011 + -10010?
10001
In base 2, what is -1000 - -1101011000?
1101010000
In base 7, what is 3 - -26?
32
In base 6, what is 102 - 214?
-112
In base 13, what is 4 - -43?
47
In base 11, what is -1 + -4?
-5
In base 14, what is -3 + -141?
-144
In base 16, what is -3 + 66e?
66b
In base 11, what is -2 + -804?
-806
In base 12, what is 39 + 5b?
98
In base 6, what is 3 - -2113?
2120
In base 2, what is 10011101 - -11?
10100000
In base 7, what is 1 - -123?
124
In base 10, what is -5 + -231?
-236
In base 12, what is b06 - -a?
b14
In base 13, what is 5 - 75?
-70
In base 14, what is 17 + -18?
-1
In base 7, what is -20 - -14?
-3
In base 12, what is b13 - 0?
b13
In base 9, what is -5 + -46?
-52
In base 15, what is 124 + -6?
11d
In base 13, what is -32 - -3b?
9
In base 16, what is 0 + 8b?
8b
In base 13, what is c5 + 6?
cb
In base 9, what is 5 + 37?
43
In base 9, what is 726 + -4?
722
In base 15, what is 1 + -9?
-8
In base 5, what is 12 - -112?
124
In base 16, what is -4 - 1e57?
-1e5b
In base 6, what is 3 - -305?
312
In base 12, what is 154 + 8?
160
In base 12, what is 1 + -35?
-34
In base 2, what is 11110101 - -11011?
100010000
In base 3, what is 102210120 - -12?
102210202
In base 10, what is -451 + -7?
-458
In base 9, what is 14554 + 0?
14554
In base 10, what is -3 - 1324?
-1327
In base 15, what is -8 - 82?
-8a
In base 3, what is -11 - 12201210?
-12201221
In base 14, what is 1 + c8?
c9
In base 12, what is -32 - 5?
-37
In base 13, what is -68 + -2?
-6a
In base 10, what is 2704 + -3?
2701
In base 15, what is 2 - 40?
-3d
In base 6, what is 4 + -252?
-244
In base 6, what is 30 - -13?
43
In base 2, what is 100 + 100010011?
100010111
In base 11, what is 31a + -9?
311
In base 8, what is 50 - 532?
-462
In base 10, what is -1 - 453?
-454
In base 7, what is -2025 - -5?
-2020
In base 4, what is 0 - -2?
2
In base 15, what is 9e + -3?
9b
In base 5, what is -4131 - -203?
-3423
In base 7, what is 13212 - 5?
13204
In base 7, what is -63 - -10?
-53
In base 14, what is 16c + 5?
173
In base 9, what is -6 - 170?
-176
In base 10, what is 4 - 63?
-59
In base 7, what is 61 - 25?
33
In base 15, what is -ca2 + 5?
-c9c
In base 5, what is 2 - -10334?
10341
In base 14, what is -525 + 5?
-520
In base 14, what is 64 - c2?
-5c
In base 5, what is -10 - 101?
-111
In base 14, what is -1b + 61?
44
In base 11, what is 19 + 23?
41
In base 3, what is -11200110 + -11?
-11200121
In base 8, what is 3 - 14?
-11
In base 10, what is 44 - 2?
42
In base 5, what is 141 + 101?
242
In base 12, what is -2a1 + -5b?
-340
In base 16, what is 0 - -28?
28
In base 8, what is 115 - -67?
204
In base 11, what is 5a + 1?
60
In base 15, what is 2 - de?
-dc
In base 12, what is -61 - -20?
-41
In base 12, what is 0 - a28?
-a28
In base 10, what is 5 - 60?
-55
In base 11, what is -785 + 2?
-783
In base 9, what is -8222 + 1?
-8221
In base 3, what is 12 + 101?
120
In base 14, what is -2 - -28?
26
In base 12, what is 19 + 3?
20
In base 3, what is 0 - -11121112?
11121112
In base 7, what is 4 - -1005?
1012
In base 15, what is 1 + 2?
3
In base 8, what is 70 - 4?
64
In base 8, what is -7 - 3?
-12
In base 13, what is 12a + 38?
165
In base 12, what is 688 - 1?
687
In base 7, what is 5 + 1040?
1045
In base 14, what is 737 - 2?
735
In base 12, what is -2 + 98?
96
In base 15, what is -61 + 19?
-47
In base 10, what is 56 + 22?
78
In base 12, what is -4237 - -1?
-4236
In base 11, what is -21 - 16?
-37
In base 6, what is -2003 - 3?
-2010
In base 4, what is -10 - -201?
131
In base 13, what is 4 + 1b20?
1b24
In base 11, what is -166 - 3?
-169
In base 8, what is 14 - -55?
71
In base 6, what is -31440 - 4?
-31444
In base 14, what is -5dd - 2?
-601
In base 5, what is 10 + 13?
23
In base 15, what is -3 + 1062?
105e
In base 16, what is -c7f + 1?
-c7e
In base 6, what is -3210 - -3?
-3203
In base 15, what is c6c - 2?
c6a
In base 9, what is 1 + 63?
64
In base 6, what is 5 - -101?
110
In base 6, what is -301 - -232?
-25
In base 5, what is -1034 - -3?
-1031
In base 10, what is -1 + -18?
-19
In base 5, what is -233 - -312?
24
In base 16, what is -83f - -3?
-83c
In base 16, what is 5 + -f?
-a
In base 10, what is -3127 - 4?
-3131
In base 3, what is -111 - -222?
111
In base 3, what is -1102020 - -1?
-1102012
In base 6, what is -14 + -24?
-42
In base 8, what is 12 - 143?
-131
In base 6, what is 122334 - 2?
122332
In base 16, what is 33a9 - 0?
33a9
In base 7, what is -4 - 6012?
-6016
In base 3, what is -10 - -1202?
1122
In base 6, what is 2 - -104?
110
In base 11, what is 41 - -5?
46
In base 10, what is 637 + 3?
640
In base 9, what is -717 - 2?
-720
In base 6, what is 1 - -20?
21
In base 5, what is 20 + 20?
40
In base 11, what is 9 + 3?
11
In base 15, what is 25 + 30?
55
In base 12, what is -40 - 3?
-43
In base 6, what is -24 - 10?
-34
In base 2, what is -10110100011001 + 100?
-1011010